 81, j*y - 12 = 0. What are the prime factors of w?
2, 5
Suppose -4*h - 5*t = -5280, 12*t = 3*h + 8*t - 3991. What are the prime factors of h?
5, 53
Suppose 246 = -15*o + 16*o. Let b = o + -171. List the prime factors of b.
3, 5
Let v(f) = f**3 + 7*f**2 - 8*f - 9. Let x be v(-8). Let o = 13 + x. Let k(h) = -h**3 + 6*h**2 - 3*h - 1. What are the prime factors of k(o)?
19
Suppose -5*h = -j + 198 + 642, -3*j = -4*h - 2575. What are the prime factors of j?
5, 173
Let f(g) = g + 1. Let s(r) = 7*r - 7. Let q(m) = -f(m) + s(m). Let d be q(6). Suppose 30*n - d*n - 10 = 0. What are the prime factors of n?
5
Let d(a) = -a**3 + 27*a**2 + 4. Let u be d(27). Suppose 0 = u*p + 96 - 300. What are the prime factors of p?
3, 17
Let o(w) = 4*w**2 - 3 - 5*w**2 + 5*w**2 - 2*w**2 + 7*w. Let t be o(-6). Suppose -n = -0*n - t. List the prime factors of n.
3
Suppose -535 = -2*v + 10*q - 7*q, 2*v + 4*q - 570 = 0. What are the prime factors of v?
5, 11
Let i = 113 + -55. Suppose 2*h = -z + i, -2*h + 1 + 3 = 0. List the prime factors of (10/(-3))/((-9)/z).
2, 5
Let o = 30 + -23. Let i(u) = u**2 - 3*u + 33. What are the prime factors of i(o)?
61
Let f(x) be the second derivative of -x**3/3 + x**2 - 5*x. Let b be -3*(-1 + 2)/1. What are the prime factors of f(b)?
2
Let h = 49 + -41. Suppose 383 = h*t - 4*t + 3*d, 3*d - 193 = -2*t. List the prime factors of t.
5, 19
Let j be 21*(0 + (-24)/(-28)). What are the prime factors of (-14)/63 + 1426/j?
79
Suppose 0 = 10*z - 37068 + 15148. List the prime factors of z.
2, 137
Let m(g) = 15*g - 95. List the prime factors of m(7).
2, 5
Let l(r) = -r**2 - 13*r + 10. Let f be l(-14). Let z = f - -9. Suppose o - 15 = 4*q, 4*q + 24 = z*o - 35. What are the prime factors of o?
11
List the prime factors of ((-3757)/26)/(6/(-4) + 1).
17
Let g(k) = -7*k**2 - 2*k + 40. Let i(f) = 4*f**2 + f - 20. Let j(c) = -3*g(c) - 5*i(c). List the prime factors of j(-10).
2, 5, 7
Suppose 3*k = 3*f + 36, 0*f + 2*k - 7 = f. What are the prime factors of (-24 - f)*30/(-7)?
2, 3, 5
Let c(y) = -y**3 + y**2 + y. Let z(x) = -18*x**2 - 9*x + 27. Let n(d) = c(d) - z(d). List the prime factors of n(19).
163
Let a be 98/(-7)*(-27)/6. Suppose -228 = -4*z - 4*b, -z + 0*b + 2*b + a = 0. What are the prime factors of z?
59
Let x = -10 - -5. Let a(r) = r**3 + 7*r**2 + 7*r + 11. What are the prime factors of a(x)?
2, 13
Let w = 102 - 82. Suppose -3*a + w = -8*a, 0 = -5*o + 4*a + 611. List the prime factors of o.
7, 17
Suppose -2*h = -2, -5*i = -4*h - 0*h - 3001. List the prime factors of i.
601
Let b be (1 - 7) + (1 - 0). Let o(m) = 4*m - 9*m - 12*m - 5 - 5 - 3. What are the prime factors of o(b)?
2, 3
Let n be (0 + 1)*-1 + -41. Let o(q) = 4*q + 34. Let f be o(-15). Let v = f - n. List the prime factors of v.
2
Let k(i) = 24*i**2 - 1. Let v be (4/10)/((-2)/(-10)). List the prime factors of k(v).
5, 19
Let i be -4 - -1389*(-24)/(-18). Suppose -5*m - i = -19*m. List the prime factors of m.
2, 3, 11
Suppose 9048 = -3*o + 15*o. What are the prime factors of o?
2, 13, 29
Suppose -1 = l - 0*u - u, 3*l - 2*u = 0. Suppose -3*m - c + 3*c = -146, 192 = 4*m - l*c. List the prime factors of m.
2, 23
Let h be -6 + (-4 - -7) - -35. Let c = h - 28. Suppose c*q - 364 + 132 = 0. List the prime factors of q.
2, 29
Suppose -3*n + 3 = 15, -4*n + 2532 = 4*r. List the prime factors of r.
7, 13
Suppose -3*u - 5*s + 5244 = 0, 2*u - s = 1171 + 2338. List the prime factors of u.
1753
Suppose -67 = -b - 4*p + 7*p, -b + 62 = -2*p. Suppose -9*f - 351 + 729 = 0. Suppose -2*v + f = -b. List the prime factors of v.
47
Suppose -5 = -j - 2*t, 2*j - 5*t - 32 = 5. Suppose 5*l - 6 + j = 0. Let n(a) = -56*a + 1. What are the prime factors of n(l)?
3, 19
Let f(z) be the third derivative of z**5/30 + z**4/12 + 2*z**3/3 - 2*z**2. What are the prime factors of f(4)?
2, 11
Suppose w + 3 = 4*w. Suppose 39 + w = 2*d + 5*m, -3*d - 5*m + 55 = 0. List the prime factors of d.
3, 5
Suppose -396 = -p + n, 2*n + 3*n - 1212 = -3*p. List the prime factors of p.
3, 7, 19
What are the prime factors of 526 - (3 + 3 + -4)?
2, 131
Let f(q) = -q**2 - 22*q + 7. Let v be f(-11). Let y be v/(-9) - (-24)/108. List the prime factors of 12/(-42) - 620/y.
2, 11
Let x = 56 + 106. What are the prime factors of x/6 + 0 + 1?
2, 7
Let l be 6/(-3) - (-1 - 79). Let k = l + -56. Suppose -4*s = -78 - k. What are the prime factors of s?
5
Let j(x) = 2*x**3 - 21*x**2 + 39*x + 27. List the prime factors of j(14).
5, 389
Let w be (29 - -2) + -1 + 2. Let j = w - 0. List the prime factors of 1104/j + (-1)/2.
2, 17
Let f(m) = -5*m**3 - 3*m**2 + 1. Let d be f(-3). Suppose s - d + 17 = 0. Suppose -4*r + n - 2*n = -s, n - 23 = -r. What are the prime factors of r?
23
Let p(h) = 95*h**2 + 8*h - 9. What are the prime factors of p(1)?
2, 47
List the prime factors of (2598/8 - -4) + (-1)/(-4).
7, 47
Suppose h + 3*u - 1730 = -99, 4906 = 3*h - 4*u. List the prime factors of h.
2, 19, 43
Let u(o) = 41*o + 21 - 16 - 37*o - 10. Suppose 3*x - 8 = 7. List the prime factors of u(x).
3, 5
Let w(l) = -l**3 + 2*l**2 + 7*l - 4. Let z be w(3). Suppose -z*h + 205 = -3*h. List the prime factors of h.
41
Let g(d) = 29*d + 14. Let k be g(4). Suppose -8 = 2*f - 0*f, 2*n + 4*f - k = 0. What are the prime factors of n?
73
Suppose 0 = -3*k + 4*q + 22, -28 = -5*k + k + 5*q. Suppose 388 = 5*h + k*c - 392, 606 = 4*h - 2*c. List the prime factors of h.
2, 7, 11
Let v(m) = 11*m + 4. Let k be 33/22*(-16)/6. Let z(b) = -32*b - 13. Let c(x) = k*z(x) - 11*v(x). What are the prime factors of c(9)?
71
Let k be ((-3)/(-4))/(1/(-4)). Suppose 19*r - 61 = 53. List the prime factors of (-115)/k - r/(-9).
3, 13
List the prime factors of ((-2)/(-8))/((-12)/(-48)) - -107.
2, 3
Let h(w) = -w**2 - 59*w + 54. List the prime factors of h(-52).
2, 11, 19
What are the prime factors of 157*(-3 + 16/4)?
157
List the prime factors of ((-34)/(-5))/((-72)/(-180)).
17
Let z(b) = 2*b**3 + 4*b**2 + b + 29. What are the prime factors of z(6)?
13, 47
Let t = -5041 - -7279. What are the prime factors of t?
2, 3, 373
What are the prime factors of (3812/(-6))/(4/(-12))?
2, 953
Let a(n) = -2*n**3 - 6*n**2 - 3*n - 5. Let h be a(-4). Let i = 107 - h. Suppose 4*j + 0*j = i. List the prime factors of j.
17
Let m = -8 - -12. Let t be 4/m + -1 - -3. Suppose -4*v = -2*o - t*o - 91, -5*o = 2*v - 23. What are the prime factors of v?
19
Suppose 0 = -h - 2*i + 84, -13 = -h + 4*i + 83. List the prime factors of h.
2, 11
Let z be (1/3)/(2/(-3) + 1). What are the prime factors of (-24 + (-6)/6)/(z/(-8))?
2, 5
Let u be 8/4 - (-100)/(-2). Let p be 2/(-3) - u/(-9). Let f(w) = w**3 + 7*w**2 - w - 3. What are the prime factors of f(p)?
3, 13
Suppose w - 2*w = -4. Let a = w - 5. Let l(q) = -31*q**3 + 2*q + 1. List the prime factors of l(a).
2, 3, 5
Let o(a) = 10 - 12*a + a**2 + 4 - 1 + 5. Let l be o(14). Suppose -5*p + 2*z - 5*z = -314, -l = -p + 5*z. List the prime factors of p.
61
What are the prime factors of 1015/3 - 11 - (-1)/(-3)?
3, 109
Let s(n) = -n**2 + 6*n + 10. Let b be 56/7 + (-1 - 0). Let k be s(b). Let q = 23 - k. List the prime factors of q.
2, 5
Suppose -213*f + 85064 = -182*f. What are the prime factors of f?
2, 7
Let x(l) = l**3 - 21*l**2 - 6*l + 8. What are the prime factors of x(22)?
2, 3, 5
Let j(h) = -h - 13. Let v be j(11). Let y be (1/2)/((-1)/v). Suppose 10*o = y*o - 52. What are the prime factors of o?
2, 13
Let c = -3 + 33. Suppose b = 3*b + 3*x - 20, -4*x = 3*b - c. Let a = 17 - b. What are the prime factors of a?
7
Let j(u) = 2711*u**3 + 4*u**2 - 7*u + 2. List the prime factors of j(1).
2, 5, 271
Let y be 22/(-121) + (-524)/22. Let a = y + 29. Suppose 5*l + 198 = 4*s, -a*s + 2*l = -349 + 93. List the prime factors of s.
2, 13
Let v be (-435)/(-2) + 9/(-6). Suppose q + q = v. What are the prime factors of q?
2, 3
Let t be -13*-1*(0 + -1). Let j be (-1040)/(-35) - 4/(-14). Let f = t + j. List the prime factors of f.
17
Suppose -141*w + 372 = -137*w. List the prime factors of w.
3, 31
Suppose 10*k + 5*l = 9*k + 155, -5*k + 887 = -3*l. What are the prime factors of k?
5, 7
Let r = 2041 - 861. List the prime factors of r.
2, 5, 59
Let c(h) = h**3 - 13*h**2 + 13*h - 17. Let s be c(12). Let w be (s + 4)*(0 + 1). List the prime factors of 2/(-4)*30/w.
3, 5
Let y(q) = 1237*q**3 - 3*q**2 - 2*q + 2. List the prime fact